mon factor of 156 and 24.
12
Calculate the highest common factor of 38 and 1634.
38
Calculate the greatest common factor of 440 and 120.
40
What is the highest common divisor of 2140 and 500?
20
Calculate the highest common factor of 140 and 4396.
28
What is the greatest common factor of 81 and 513?
27
Calculate the greatest common factor of 157 and 79913.
157
Calculate the greatest common divisor of 9 and 279.
9
What is the highest common factor of 101 and 4343?
101
Calculate the highest common divisor of 126 and 72.
18
What is the highest common factor of 2869 and 604?
151
What is the greatest common factor of 66 and 24?
6
What is the highest common factor of 1204 and 56?
28
Calculate the highest common factor of 141 and 1175.
47
What is the greatest common divisor of 1210 and 10?
10
Calculate the highest common divisor of 702 and 1782.
54
Calculate the greatest common divisor of 39 and 78.
39
Calculate the greatest common divisor of 46 and 598.
46
What is the highest common divisor of 252 and 36?
36
Calculate the greatest common divisor of 738 and 410.
82
Calculate the greatest common divisor of 30 and 12.
6
What is the greatest common divisor of 705 and 30?
15
What is the highest common factor of 3 and 17?
1
What is the highest common divisor of 57 and 435?
3
What is the highest common factor of 3173 and 95?
19
Calculate the highest common factor of 371 and 7.
7
Calculate the highest common divisor of 72 and 90.
18
Calculate the highest common factor of 946 and 110.
22
Calculate the greatest common divisor of 286 and 104.
26
What is the highest common factor of 486 and 216?
54
What is the highest common divisor of 4872 and 2520?
168
What is the greatest common factor of 703 and 259?
37
Calculate the highest common divisor of 21 and 1491.
21
Calculate the greatest common factor of 20 and 4740.
20
Calculate the highest common divisor of 21 and 21.
21
What is the greatest common divisor of 168 and 312?
24
Calculate the highest common factor of 46 and 598.
46
Calculate the highest common divisor of 80 and 48.
16
What is the greatest common factor of 23049 and 13?
13
What is the greatest common divisor of 252 and 306?
18
What is the highest common divisor of 18 and 54?
18
What is the highest common divisor of 41 and 533?
41
What is the highest common factor of 306 and 27?
9
Calculate the greatest common factor of 27 and 4959.
9
What is the highest common factor of 132 and 84?
12
What is the greatest common factor of 16 and 4624?
16
Calculate the greatest common divisor of 10 and 54.
2
Calculate the greatest common divisor of 423 and 94.
47
What is the highest common divisor of 406 and 4698?
58
Calculate the highest common divisor of 684 and 6084.
36
What is the highest common divisor of 24 and 216?
24
What is the highest common factor of 91 and 2080?
13
Calculate the greatest common factor of 90 and 1773.
9
Calculate the greatest common divisor of 928 and 2528.
32
What is the highest common factor of 2 and 55?
1
Calculate the highest common factor of 13764 and 93.
93
What is the greatest common divisor of 2303 and 147?
49
What is the highest common factor of 20 and 300?
20
Calculate the highest common divisor of 198 and 351.
9
Calculate the highest common factor of 187 and 34.
17
Calculate the highest common divisor of 420 and 2580.
60
What is the highest common factor of 12550 and 200?
50
Calculate the greatest common divisor of 2130 and 10.
10
What is the highest common factor of 4 and 332?
4
Calculate the greatest common factor of 936 and 1976.
104
Calculate the greatest common factor of 102 and 5253.
51
Calculate the highest common divisor of 36 and 3.
3
Calculate the greatest common factor of 2072 and 56.
56
What is the greatest common divisor of 65 and 143?
13
Calculate the greatest common factor of 370 and 30.
10
What is the greatest common divisor of 294 and 504?
42
Calculate the highest common divisor of 110 and 80.
10
What is the highest common factor of 1054 and 186?
62
What is the highest common factor of 36 and 60?
12
Calculate the greatest common divisor of 144 and 1136.
16
What is the greatest common divisor of 172 and 20?
4
Calculate the highest common divisor of 100 and 25.
25
Calculate the highest common divisor of 2375 and 19.
19
What is the greatest common factor of 996 and 24?
12
Calculate the greatest common divisor of 135 and 108.
27
Calculate the highest common factor of 18 and 117.
9
What is the highest common divisor of 182 and 17498?
26
What is the greatest common divisor of 60 and 3165?
15
What is the highest common factor of 6720 and 84?
84
What is the highest common divisor of 325 and 611?
13
Calculate the greatest common divisor of 1121 and 531.
59
What is the greatest common factor of 1007 and 424?
53
Calculate the highest common factor of 124 and 1550.
62
Calculate the highest common factor of 352 and 368.
16
Calculate the greatest common factor of 72 and 3112.
8
What is the greatest common divisor of 432 and 528?
48
What is the highest common factor of 2 and 734?
2
Calculate the greatest common divisor of 26 and 3874.
26
What is the highest common divisor of 3 and 156?
3
What is the highest common divisor of 135 and 162?
27
What is the highest common factor of 56 and 16128?
56
What is the greatest common factor of 850 and 650?
50
What is the highest common factor of 12 and 114?
6
Calculate the greatest common divisor of 161 and 368.
23
What is the highest common factor of 81 and 1539?
81
What is the greatest common divisor of 4 and 241?
1
What is the greatest common factor of 36 and 4?
4
Calculate the greatest common factor of 92 and 23.
23
Calculate the highest common factor of 380 and 3940.
20
Calculate the highest common factor of 15 and 720.
15
Calculate the greatest common divisor of 520 and 195.
65
What is the highest common factor of 1025 and 656?
41
Calculate the highest common factor of 3341 and 13.
13
What is the highest common divisor of 5664 and 64?
32
What is the highest common factor of 252 and 36?
36
What is the greatest common factor of 4137 and 21?
21
What is the greatest common factor of 39 and 910?
13
Calculate the greatest common divisor of 27 and 2.
1
Calculate the highest common factor of 76 and 1748.
76
What is the greatest common divisor of 84 and 1029?
21
What is the highest common factor of 424 and 53?
53
What is the highest common divisor of 22 and 429?
11
What is the highest common divisor of 32 and 24?
8
What is the highest common factor of 7854 and 147?
21
Calculate the greatest common divisor of 149 and 15794.
149
What is the greatest common factor of 62 and 5611?
31
Calculate the greatest common divisor of 36 and 360.
36
What is the greatest common divisor of 22 and 209?
11
Calculate the greatest common factor of 404 and 13534.
202
What is the greatest common divisor of 6 and 54?
6
What is the greatest common divisor of 735 and 315?
105
What is the highest common factor of 14 and 366?
2
Calculate the highest common divisor of 527 and 17.
17
Calculate the greatest common divisor of 80 and 9360.
80
What is the greatest common factor of 20286 and 392?
98
Calculate the greatest common factor of 112 and 70.
14
What is the greatest common divisor of 45 and 35?
5
What is the greatest common factor of 567 and 18?
9
What is the highest common factor of 2 and 218?
2
Calculate the highest common factor of 23 and 989.
23
Calculate the highest common divisor of 1127 and 23.
23
What is the highest common divisor of 333 and 468?
9
Calculate the highest common divisor of 80249 and 13.
13
Calculate the highest common divisor of 272 and 8840.
136
What is the highest common divisor of 161 and 115?
23
Calculate the greatest common divisor of 322 and 391.
23
What is the highest common divisor of 3324 and 24?
12
Calculate the greatest common divisor of 901 and 1431.
53
Calculate the highest common divisor of 3515 and 19.
19
Calculate the greatest common factor of 68 and 4250.
34
What is the highest common factor of 328 and 2378?
82
Calculate the greatest common divisor of 90 and 20.
10
What is the highest common divisor of 12 and 960?
12
Calculate the greatest common divisor of 192 and 240.
48
What is the highest common factor of 11385 and 44?
11
What is the highest common divisor of 75 and 775?
